{"id":547,"date":"2020-05-04T19:31:07","date_gmt":"2020-05-04T19:31:07","guid":{"rendered":"https:\/\/piloodikool.ee\/?page_id=547"},"modified":"2023-02-02T13:47:27","modified_gmt":"2023-02-02T13:47:27","slug":"algkoolitused","status":"publish","type":"page","link":"https:\/\/piloodikool.ee\/?page_id=547","title":{"rendered":"ALGKOOLITUSED"},"content":{"rendered":"\n<div class=\"wp-block-buttons is-layout-flex wp-block-buttons-is-layout-flex\">\n<div class=\"wp-block-button is-style-outline is-style-outline--1\"><a class=\"wp-block-button__link has-very-dark-gray-color has-light-green-cyan-to-vivid-green-cyan-gradient-background has-text-color has-background wp-element-button\" href=\"#kopteriteooria\" rel=\"\">KOPTERI ERAPILOODI TEOORIA<\/a><\/div>\n\n\n\n<div class=\"wp-block-button is-style-outline is-style-outline--2\"><a class=\"wp-block-button__link has-luminous-vivid-amber-to-luminous-vivid-orange-gradient-background has-background wp-element-button\" href=\"#lennukiteooria\">LENNUKI ERAPILOODI TEOORIA<\/a><\/div>\n\n\n\n<div class=\"wp-block-button is-style-outline is-style-outline--3\"><a class=\"wp-block-button__link has-electric-grass-gradient-background has-background wp-element-button\" href=\"#kopterilennupraktika\">KOPTERI ERAPILOODI LENNUPRAKTIKA<\/a><\/div>\n\n\n\n<div class=\"wp-block-button\"><a class=\"wp-block-button__link has-midnight-gradient-background has-background wp-element-button\" href=\"#lennukilennupraktika\">LENNUKI ERAPILOODI LENNUPRAKTIKA<\/a><\/div>\n\n\n\n<div class=\"wp-block-button is-style-outline is-style-outline--4\"><a class=\"wp-block-button__link has-very-dark-gray-color has-blush-bordeaux-gradient-background has-text-color has-background wp-element-button\" href=\"#kopterlennukteooria\">KOPTERI ja LENNUKI ERAPILOODI TEOORIA<\/a><\/div>\n<\/div>\n\n\n\n<hr class=\"wp-block-separator has-css-opacity is-style-wide\"\/>\n\n\n\n<div class=\"wp-block-group has-text-color\" style=\"color:#ffffff\"><div class=\"wp-block-group__inner-container is-layout-flow wp-block-group-is-layout-flow\">\n<h2 class=\"wp-block-heading\" id=\"kopteriteooria\">KOPTERI ERAPILOODI TEOORIA<\/h2>\n<\/div><\/div>\n\n\n\n<hr class=\"wp-block-separator has-text-color has-css-opacity has-background\" style=\"background-color:#ffffff;color:#ffffff\"\/>\n\n\n\n<hr class=\"wp-block-separator has-text-color has-css-opacity has-background\" style=\"background-color:#ffffff;color:#ffffff\"\/>\n\n\n\n<hr class=\"wp-block-separator has-text-color has-css-opacity has-background\" style=\"background-color:#ffffff;color:#ffffff\"\/>\n\n\n\n<hr class=\"wp-block-separator has-text-color has-css-opacity has-background\" style=\"background-color:#ffffff;color:#ffffff\"\/>\n\n\n\n<h2 class=\"wp-block-heading\">KOPTERI ERAPILOODI TEOORIA<\/h2>\n\n\n\n<div class=\"wp-block-media-text alignwide has-media-on-the-right is-stacked-on-mobile\" style=\"grid-template-columns:auto 33%\"><div class=\"wp-block-media-text__content\">\n<p>Koolitus koosneb 115 tunnist veebip\u00f5hisest distants\u00f5ppest ja kontakt\u00f5ppest loengute v\u00f5i \u00f5ppetundide ja praktikatena.<\/p>\n\n\n\n<ul class=\"wp-block-list\">\n<li><strong>Distants\u00f5pe<\/strong> <strong>80 tundi<\/strong><\/li>\n\n\n\n<li><strong>Kontakt\u00f5pe<\/strong> <strong>35 tundi<\/strong><\/li>\n<\/ul>\n\n\n\n<p>\u00d5ppeained:<\/p>\n\n\n\n<ol class=\"wp-block-list\">\n<li>Lennuseadus ja ATC protseduurid<\/li>\n\n\n\n<li>Inimfaktor<\/li>\n\n\n\n<li>Meteoroloogia<\/li>\n\n\n\n<li>Raadioside<\/li>\n\n\n\n<li>Aerod\u00fcnaamika: kopterid<\/li>\n\n\n\n<li>K\u00e4itamisprotseduurid: kopterid<\/li>\n\n\n\n<li>Lennu j\u00f5udlus ja planeerimine: kopterid<\/li>\n\n\n\n<li>\u00d5hus\u00f5idukite \u00fcldteadmised: kopterid<\/li>\n\n\n\n<li>Navigeerimine<\/li>\n<\/ol>\n\n\n\n<p><strong>Koolitusele asumise tingimuste ja hindade osas palume \u00fchendust v\u00f5tta.<\/strong><\/p>\n<\/div><figure class=\"wp-block-media-text__media\"><video controls src=\"https:\/\/piloodikool.ee\/wp-content\/uploads\/2021\/11\/1.mov\"><\/video><\/figure><\/div>\n\n\n\n<hr class=\"wp-block-separator has-text-color has-alpha-channel-opacity has-background\" style=\"background-color:#fffcfc03;color:#fffcfc03\"\/>\n\n\n\n<hr class=\"wp-block-separator has-text-color has-alpha-channel-opacity has-background\" style=\"background-color:#fffcfc08;color:#fffcfc08\"\/>\n\n\n\n<hr class=\"wp-block-separator has-text-color has-alpha-channel-opacity has-background\" style=\"background-color:#fffcfc03;color:#fffcfc03\"\/>\n\n\n\n<hr class=\"wp-block-separator has-text-color has-alpha-channel-opacity has-background\" style=\"background-color:#ffffff08;color:#ffffff08\"\/>\n\n\n\n<hr class=\"wp-block-separator has-text-color has-css-opacity has-background\" style=\"background-color:#ffffff;color:#ffffff\"\/>\n\n\n\n<div class=\"wp-block-group alignwide\"><div class=\"wp-block-group__inner-container is-layout-flow wp-block-group-is-layout-flow\">\n<div class=\"wp-block-group alignwide\"><div class=\"wp-block-group__inner-container is-layout-flow wp-block-group-is-layout-flow\">\n<div class=\"wp-block-group alignwide\"><div class=\"wp-block-group__inner-container is-layout-flow wp-block-group-is-layout-flow\">\n<hr class=\"wp-block-separator has-css-opacity is-style-wide\"\/>\n<\/div><\/div>\n<\/div><\/div>\n<\/div><\/div>\n\n\n\n<h2 class=\"has-text-color wp-block-heading\" id=\"lennukiteooria\" style=\"color:#ffffff\">LENNUKI ERAPILOODI TEOORIA<\/h2>\n\n\n\n<hr class=\"wp-block-separator has-text-color has-css-opacity has-background\" style=\"background-color:#ffffff;color:#ffffff\"\/>\n\n\n\n<hr class=\"wp-block-separator has-text-color has-css-opacity has-background\" style=\"background-color:#ffffff;color:#ffffff\"\/>\n\n\n\n<hr class=\"wp-block-separator has-text-color has-css-opacity has-background\" style=\"background-color:#ffffff;color:#ffffff\"\/>\n\n\n\n<hr class=\"wp-block-separator has-text-color has-css-opacity has-background\" style=\"background-color:#ffffff;color:#ffffff\"\/>\n\n\n\n<h2 class=\"wp-block-heading\">LENNUKI ERAPILOODI TEOORIA<\/h2>\n\n\n\n<div class=\"wp-block-media-text alignwide is-stacked-on-mobile\" style=\"grid-template-columns:41% auto\"><figure class=\"wp-block-media-text__media\"><img loading=\"lazy\" decoding=\"async\" width=\"437\" height=\"208\" src=\"https:\/\/piloodikool.ee\/wp-content\/uploads\/2020\/05\/image62-1.png\" alt=\"\" class=\"wp-image-623 size-full\" srcset=\"https:\/\/piloodikool.ee\/wp-content\/uploads\/2020\/05\/image62-1.png 437w, https:\/\/piloodikool.ee\/wp-content\/uploads\/2020\/05\/image62-1-300x143.png 300w\" sizes=\"auto, (max-width: 437px) 100vw, 437px\" \/><\/figure><div class=\"wp-block-media-text__content\">\n<p>Koolitus koosneb  110st tunnist veebip\u00f5hisest distants\u00f5ppest ja kontakt\u00f5ppest loengute v\u00f5i \u00f5ppetundide ja praktikatena.<\/p>\n\n\n\n<ul class=\"wp-block-list\">\n<li><strong>Distants\u00f5pe<\/strong> <strong>80 tundi<\/strong><\/li>\n\n\n\n<li><strong>Kontakt\u00f5pe<\/strong> <strong>30 tundi<\/strong><\/li>\n<\/ul>\n\n\n\n<p>\u00d5ppeained:<\/p>\n\n\n\n<ol class=\"wp-block-list\">\n<li>Lennuseadus ja ATC protseduurid<\/li>\n\n\n\n<li>Inimfaktor<\/li>\n\n\n\n<li>Meteoroloogia<\/li>\n\n\n\n<li>Raadioside<\/li>\n\n\n\n<li>Aerod\u00fcnaamika: lennukid<\/li>\n\n\n\n<li>K\u00e4itamisprotseduurid: lennukid<\/li>\n\n\n\n<li>Lennu j\u00f5udlus ja planeerimine: lennukid<\/li>\n\n\n\n<li>\u00d5hus\u00f5idukite \u00fcldteadmised: lennukid<\/li>\n\n\n\n<li>Navigeerimine<\/li>\n<\/ol>\n\n\n\n<p><strong>Koolitusele asumise tingimuste ja hindade osas palume \u00fchendust v\u00f5tta.<\/strong><\/p>\n<\/div><\/div>\n\n\n\n<hr class=\"wp-block-separator has-text-color has-css-opacity has-background\" style=\"background-color:#fffcfc;color:#fffcfc\"\/>\n\n\n\n<hr class=\"wp-block-separator has-text-color has-alpha-channel-opacity has-background\" style=\"background-color:#fffcfc05;color:#fffcfc05\"\/>\n\n\n\n<hr class=\"wp-block-separator has-text-color has-alpha-channel-opacity has-background\" style=\"background-color:#fffcfc00;color:#fffcfc00\"\/>\n\n\n\n<hr class=\"wp-block-separator has-text-color has-alpha-channel-opacity has-background\" style=\"background-color:#ffffff08;color:#ffffff08\"\/>\n\n\n\n<hr class=\"wp-block-separator has-text-color has-css-opacity has-background\" style=\"background-color:#ffffff;color:#ffffff\"\/>\n\n\n\n<hr class=\"wp-block-separator has-css-opacity is-style-wide\"\/>\n\n\n\n<h2 class=\"has-text-color wp-block-heading\" id=\"kopterilennupraktika\" style=\"color:#ffffff\">KOPTERI ERAPILOODI LENNUPRAKTIKA<\/h2>\n\n\n\n<hr class=\"wp-block-separator has-text-color has-css-opacity has-background\" style=\"background-color:#ffffff;color:#ffffff\"\/>\n\n\n\n<hr class=\"wp-block-separator has-text-color has-css-opacity has-background\" style=\"background-color:#ffffff;color:#ffffff\"\/>\n\n\n\n<hr class=\"wp-block-separator has-text-color has-css-opacity has-background\" style=\"background-color:#ffffff;color:#ffffff\"\/>\n\n\n\n<hr class=\"wp-block-separator has-text-color has-css-opacity has-background\" style=\"background-color:#ffffff;color:#ffffff\"\/>\n\n\n\n<h2 class=\"wp-block-heading\">KOPTERI ERAPILOODI LENNUPRAKTIKA<\/h2>\n\n\n\n<div class=\"wp-block-media-text alignwide has-media-on-the-right is-stacked-on-mobile\" style=\"grid-template-columns:auto 33%\"><div class=\"wp-block-media-text__content\">\n<p>Koolitus koosneb 45 tunnist \u00f5ppelendudest kopteril. Koolituse k\u00e4igus \u00f5pitakse erinevaid man\u00f6\u00f6vreid ripplennus, ringlennul, maandumist ja starti. Harjutatakse navigeerimist ja h\u00e4da-ning eriolukordades toime tulemist.<\/p>\n\n\n\n<p><strong>Koolitusele asumise tingimuste ja hindade osas palume \u00fchendust v\u00f5tta.<\/strong><\/p>\n<\/div><figure class=\"wp-block-media-text__media\"><img loading=\"lazy\" decoding=\"async\" width=\"1024\" height=\"768\" src=\"https:\/\/piloodikool.ee\/wp-content\/uploads\/2020\/04\/IMG_5656-1024x768.jpg\" alt=\"\" class=\"wp-image-285 size-full\" srcset=\"https:\/\/piloodikool.ee\/wp-content\/uploads\/2020\/04\/IMG_5656-1024x768.jpg 1024w, https:\/\/piloodikool.ee\/wp-content\/uploads\/2020\/04\/IMG_5656-300x225.jpg 300w, https:\/\/piloodikool.ee\/wp-content\/uploads\/2020\/04\/IMG_5656-768x576.jpg 768w, https:\/\/piloodikool.ee\/wp-content\/uploads\/2020\/04\/IMG_5656-1536x1152.jpg 1536w, https:\/\/piloodikool.ee\/wp-content\/uploads\/2020\/04\/IMG_5656-2048x1536.jpg 2048w\" sizes=\"auto, (max-width: 1024px) 100vw, 1024px\" \/><\/figure><\/div>\n\n\n\n<hr class=\"wp-block-separator has-text-color has-css-opacity has-background\" style=\"background-color:#fffcfc;color:#fffcfc\"\/>\n\n\n\n<hr class=\"wp-block-separator has-text-color has-css-opacity has-background\" style=\"background-color:#fffcfc;color:#fffcfc\"\/>\n\n\n\n<hr class=\"wp-block-separator has-text-color has-alpha-channel-opacity has-background\" style=\"background-color:#fffcfc05;color:#fffcfc05\"\/>\n\n\n\n<hr class=\"wp-block-separator has-text-color has-alpha-channel-opacity has-background\" style=\"background-color:#ffffff0a;color:#ffffff0a\"\/>\n\n\n\n<hr class=\"wp-block-separator has-text-color has-alpha-channel-opacity has-background\" style=\"background-color:#ffffff08;color:#ffffff08\"\/>\n\n\n\n<hr class=\"wp-block-separator has-css-opacity is-style-wide\"\/>\n\n\n\n<h2 class=\"has-white-color has-text-color wp-block-heading\" id=\"lennukilennupraktika\">LENNUKI ERAPILOODI LENNUPRAKTIKA<\/h2>\n\n\n\n<hr class=\"wp-block-separator has-text-color has-css-opacity has-background\" style=\"background-color:#ffffff;color:#ffffff\"\/>\n\n\n\n<hr class=\"wp-block-separator has-text-color has-css-opacity has-background\" style=\"background-color:#ffffff;color:#ffffff\"\/>\n\n\n\n<hr class=\"wp-block-separator has-text-color has-css-opacity has-background\" style=\"background-color:#ffffff;color:#ffffff\"\/>\n\n\n\n<hr class=\"wp-block-separator has-text-color has-css-opacity has-background\" style=\"background-color:#ffffff;color:#ffffff\"\/>\n\n\n\n<h2 class=\"wp-block-heading\">LENNUKI ERAPILOODI LENNUPRAKTIKA<\/h2>\n\n\n\n<div class=\"wp-block-media-text alignwide is-stacked-on-mobile\" style=\"grid-template-columns:33% auto\"><figure class=\"wp-block-media-text__media\"><img loading=\"lazy\" decoding=\"async\" width=\"418\" height=\"187\" src=\"https:\/\/piloodikool.ee\/wp-content\/uploads\/2020\/05\/image64.png\" alt=\"\" class=\"wp-image-615 size-full\" srcset=\"https:\/\/piloodikool.ee\/wp-content\/uploads\/2020\/05\/image64.png 418w, https:\/\/piloodikool.ee\/wp-content\/uploads\/2020\/05\/image64-300x134.png 300w\" sizes=\"auto, (max-width: 418px) 100vw, 418px\" \/><\/figure><div class=\"wp-block-media-text__content\">\n<p>Koolitus koosneb 45 tunnist \u00f5ppelendudest \u00fchemootorilisel v\u00e4ikelennukil. Koolituse k\u00e4igus \u00f5pitakse erinevaid man\u00f6\u00f6vreid, starti ja maandmist, ringlendu. Harjutatakse navigeerimist ja h\u00e4da- ning eriolukordades toime tulemist.<\/p>\n\n\n\n<p><strong>Koolitusele asumise tingimuste ja hindade osas palume \u00fchendust v\u00f5tta.<\/strong><\/p>\n<\/div><\/div>\n\n\n\n<hr class=\"wp-block-separator has-text-color has-alpha-channel-opacity has-background\" style=\"background-color:#fffcfc08;color:#fffcfc08\"\/>\n\n\n\n<hr class=\"wp-block-separator has-css-opacity is-style-wide\"\/>\n\n\n\n<h2 class=\"has-text-color wp-block-heading\" id=\"kopterlennukteooria\" style=\"color:#ffffff\">KOPTERI ja LENNUKI ERAPILOODI TEOORIA<\/h2>\n\n\n\n<hr class=\"wp-block-separator has-text-color has-css-opacity has-background\" style=\"background-color:#ffffff;color:#ffffff\"\/>\n\n\n\n<hr class=\"wp-block-separator has-text-color has-css-opacity has-background\" style=\"background-color:#ffffff;color:#ffffff\"\/>\n\n\n\n<hr class=\"wp-block-separator has-text-color has-css-opacity has-background\" style=\"background-color:#ffffff;color:#ffffff\"\/>\n\n\n\n<hr class=\"wp-block-separator has-text-color has-css-opacity has-background\" style=\"background-color:#ffffff;color:#ffffff\"\/>\n\n\n\n<h2 class=\"wp-block-heading\">KOPTERI ja LENNUKI ERAPILOODI TEOORIA<\/h2>\n\n\n\n<div class=\"wp-block-media-text alignwide has-media-on-the-right is-stacked-on-mobile\" style=\"grid-template-columns:auto 33%\"><div class=\"wp-block-media-text__content\">\n<p>Koolitus koosneb 162 tunnist veebip\u00f5hisest distants\u00f5ppest ja kontakt\u00f5ppest loengute v\u00f5i \u00f5ppetundide ja praktika vormis.<\/p>\n\n\n\n<ul class=\"wp-block-list\">\n<li><strong>Distants\u00f5pe<\/strong> <strong>110 tundi<\/strong><\/li>\n\n\n\n<li><strong>Kontakt\u00f5pe<\/strong> <strong>52 tundi  <\/strong><\/li>\n<\/ul>\n\n\n\n<p>\u00d5ppeained:<\/p>\n\n\n\n<ol class=\"wp-block-list\">\n<li>Lennuseadus ja ATC protseduurid<\/li>\n\n\n\n<li>Inimfaktor<\/li>\n\n\n\n<li>Meteoroloogia<\/li>\n\n\n\n<li>Raadioside<\/li>\n\n\n\n<li>Aerod\u00fcnaamika: lennukid<\/li>\n\n\n\n<li>Aerod\u00fcnaamika: kopterid<\/li>\n\n\n\n<li>K\u00e4itamisprotseduurid: lennukid<\/li>\n\n\n\n<li>K\u00e4itamisprotseduurid: kopterid<\/li>\n\n\n\n<li>Lennu j\u00f5udlus ja planeerimine: lennukid<\/li>\n\n\n\n<li>Lennu j\u00f5udlus ja planeerimine: kopterid<\/li>\n\n\n\n<li>\u00d5hus\u00f5idukite \u00fcldteadmised: lennukid<\/li>\n\n\n\n<li>\u00d5hus\u00f5idukite \u00fcldteadmised: kopterid<\/li>\n\n\n\n<li>Navigeerimine<\/li>\n<\/ol>\n\n\n\n<p><strong>Koolitusele asumise tingimuste ja hindade osas palume \u00fchendust v\u00f5tta.<\/strong><\/p>\n<\/div><figure class=\"wp-block-media-text__media\"><img loading=\"lazy\" decoding=\"async\" width=\"1024\" height=\"768\" src=\"https:\/\/piloodikool.ee\/wp-content\/uploads\/2021\/05\/ESTOP-21-1024x768.jpeg\" alt=\"\" class=\"wp-image-1074 size-full\" srcset=\"https:\/\/piloodikool.ee\/wp-content\/uploads\/2021\/05\/ESTOP-21-1024x768.jpeg 1024w, https:\/\/piloodikool.ee\/wp-content\/uploads\/2021\/05\/ESTOP-21-300x225.jpeg 300w, https:\/\/piloodikool.ee\/wp-content\/uploads\/2021\/05\/ESTOP-21-768x576.jpeg 768w, https:\/\/piloodikool.ee\/wp-content\/uploads\/2021\/05\/ESTOP-21-1536x1152.jpeg 1536w, https:\/\/piloodikool.ee\/wp-content\/uploads\/2021\/05\/ESTOP-21-2048x1536.jpeg 2048w, https:\/\/piloodikool.ee\/wp-content\/uploads\/2021\/05\/ESTOP-21-800x600.jpeg 800w, https:\/\/piloodikool.ee\/wp-content\/uploads\/2021\/05\/ESTOP-21-400x300.jpeg 400w\" sizes=\"auto, (max-width: 1024px) 100vw, 1024px\" \/><\/figure><\/div>\n","protected":false},"excerpt":{"rendered":"<p>KOPTERI ERAPILOODI TEOORIA KOPTERI ERAPILOODI TEOORIA LENNUKI ERAPILOODI TEOORIA LENNUKI ERAPILOODI TEOORIA KOPTERI ERAPILOODI LENNUPRAKTIKA KOPTERI ERAPILOODI LENNUPRAKTIKA Koolitus koosneb 45 tunnist \u00f5ppelendudest kopteril. Koolituse k\u00e4igus \u00f5pitakse erinevaid man\u00f6\u00f6vreid ripplennus, ringlennul, maandumist ja starti. Harjutatakse navigeerimist ja h\u00e4da-ning eriolukordades toime tulemist. Koolitusele asumise tingimuste ja hindade osas palume \u00fchendust v\u00f5tta. LENNUKI ERAPILOODI LENNUPRAKTIKA LENNUKI ERAPILOODI LENNUPRAKTIKA Koolitus koosneb 45 tunnist&hellip;<\/p>\n","protected":false},"author":1,"featured_media":0,"parent":0,"menu_order":0,"comment_status":"closed","ping_status":"closed","template":"","meta":{"footnotes":""},"class_list":["post-547","page","type-page","status-publish","hentry"],"_links":{"self":[{"href":"https:\/\/piloodikool.ee\/index.php?rest_route=\/wp\/v2\/pages\/547","targetHints":{"allow":["GET"]}}],"collection":[{"href":"https:\/\/piloodikool.ee\/index.php?rest_route=\/wp\/v2\/pages"}],"about":[{"href":"https:\/\/piloodikool.ee\/index.php?rest_route=\/wp\/v2\/types\/page"}],"author":[{"embeddable":true,"href":"https:\/\/piloodikool.ee\/index.php?rest_route=\/wp\/v2\/users\/1"}],"replies":[{"embeddable":true,"href":"https:\/\/piloodikool.ee\/index.php?rest_route=%2Fwp%2Fv2%2Fcomments&post=547"}],"version-history":[{"count":0,"href":"https:\/\/piloodikool.ee\/index.php?rest_route=\/wp\/v2\/pages\/547\/revisions"}],"wp:attachment":[{"href":"https:\/\/piloodikool.ee\/index.php?rest_route=%2Fwp%2Fv2%2Fmedia&parent=547"}],"curies":[{"name":"wp","href":"https:\/\/api.w.org\/{rel}","templated":true}]}}